 highest common factor of 324174535 and 46.
23
Calculate the greatest common factor of 8734 and 8106740.
794
What is the highest common factor of 4050 and 171345?
15
What is the greatest common factor of 12183 and 5547?
3
Calculate the highest common divisor of 348930 and 1280.
10
Calculate the highest common divisor of 11583403 and 12805.
2561
Calculate the highest common factor of 1214 and 27620321.
607
Calculate the highest common factor of 26651133 and 144.
9
What is the greatest common factor of 619438 and 1368?
38
Calculate the highest common factor of 28 and 122124079.
7
What is the greatest common factor of 4839 and 588717579?
4839
Calculate the highest common factor of 156 and 754332.
12
What is the greatest common factor of 155105 and 3241000?
2315
What is the highest common divisor of 472 and 13010090?
118
Calculate the highest common divisor of 52706136 and 7112.
56
Calculate the greatest common factor of 41726 and 179.
1
What is the highest common divisor of 2915710 and 238?
14
What is the highest common divisor of 901022 and 3698?
86
Calculate the highest common divisor of 110551357 and 2023.
119
Calculate the greatest common divisor of 51 and 75286319.
17
Calculate the greatest common factor of 605 and 23511026.
121
What is the highest common divisor of 187 and 118458329?
187
What is the greatest common factor of 4136 and 5975486?
1034
Calculate the highest common factor of 81355310 and 1605.
535
What is the highest common factor of 9843 and 537132?
51
What is the greatest common divisor of 1009968 and 5088?
2544
Calculate the greatest common divisor of 10495212 and 98.
98
Calculate the highest common factor of 200 and 3320725.
25
What is the highest common divisor of 9779253 and 19899?
2211
What is the greatest common factor of 776 and 1871033?
97
Calculate the greatest common factor of 858 and 6389812.
286
What is the greatest common factor of 1082200 and 12600?
1400
Calculate the highest common divisor of 23044752 and 496.
16
Calculate the greatest common divisor of 10 and 173208995.
5
Calculate the greatest common factor of 68 and 243070454.
34
Calculate the greatest common factor of 555 and 4084485.
15
Calculate the highest common divisor of 10 and 24871210.
10
Calculate the highest common factor of 967489644 and 396.
132
What is the highest common factor of 107500 and 21021625?
5375
Calculate the highest common factor of 1865797 and 193905.
4309
Calculate the greatest common divisor of 5910 and 28813220.
1970
What is the greatest common divisor of 678 and 13706448?
678
Calculate the highest common divisor of 568 and 1111718.
142
Calculate the greatest common divisor of 3733670 and 3626.
74
Calculate the greatest common divisor of 1122 and 13472670.
102
What is the greatest common divisor of 56371014 and 1989?
153
Calculate the highest common factor of 51377 and 10292.
83
Calculate the greatest common factor of 3501552 and 672.
48
Calculate the greatest common divisor of 1350 and 41330466.
54
What is the greatest common factor of 415565 and 340?
85
Calculate the greatest common divisor of 55220 and 50994164.
1004
Calculate the highest common factor of 103 and 18069084.
103
What is the greatest common factor of 32039224 and 6848?
856
Calculate the greatest common factor of 8694 and 66749634.
2898
What is the greatest common divisor of 524313764 and 3055?
611
What is the highest common factor of 2401 and 3375463?
343
Calculate the greatest common factor of 5833873 and 153.
17
Calculate the highest common factor of 68 and 29230038.
34
Calculate the highest common divisor of 2550 and 52170.
30
Calculate the highest common divisor of 28587 and 360.
3
What is the highest common divisor of 308750 and 50730?
190
Calculate the greatest common divisor of 12 and 1640493.
3
Calculate the greatest common factor of 11861 and 8809451.
409
What is the greatest common factor of 10088 and 6540664?
104
Calculate the highest common divisor of 64 and 18602976.
32
What is the highest common factor of 46413 and 131463?
243
Calculate the greatest common divisor of 2037 and 4946256.
21
Calculate the greatest common factor of 1669 and 430523557.
1669
What is the greatest common factor of 2982074524 and 3146?
3146
What is the greatest common divisor of 659283789 and 31?
31
What is the greatest common divisor of 30 and 13775120?
10
What is the highest common factor of 15777 and 105453?
9
What is the highest common divisor of 12965 and 2235166?
2593
What is the greatest common divisor of 66538460 and 30496?
3812
Calculate the greatest common factor of 40831 and 21230278.
307
Calculate the greatest common divisor of 7305811 and 13927.
733
Calculate the highest common factor of 11030 and 525.
5
What is the greatest common divisor of 3608 and 5608834?
22
What is the highest common divisor of 222 and 186457282?
74
Calculate the highest common divisor of 615763 and 30421.
1049
What is the greatest common factor of 8930 and 29589790?
470
What is the highest common factor of 43 and 7869?
43
What is the highest common factor of 12453660 and 34830?
3870
Calculate the greatest common divisor of 218433 and 6188.
17
Calculate the highest common factor of 1200849 and 9102.
123
Calculate the greatest common divisor of 37395 and 65581135.
1385
Calculate the greatest common factor of 124 and 47522768.
4
Calculate the highest common factor of 154 and 242.
22
Calculate the greatest common factor of 597514 and 36.
2
Calculate the greatest common divisor of 1986 and 207478082.
662
Calculate the greatest common divisor of 5567606 and 6226.
22
What is the highest common divisor of 472 and 147305182?
118
Calculate the greatest common divisor of 12523856 and 819928.
7256
What is the highest common divisor of 590 and 1479870?
10
What is the greatest common factor of 498168 and 500412?
2244
Calculate the greatest common divisor of 5793661 and 4.
1
Calculate the highest common factor of 10736 and 1179258344.
5368
Calculate the greatest common factor of 7221592 and 186792.
344
What is the highest common divisor of 32798578 and 2?
2
Calculate the highest common divisor of 12716 and 32244308.
1156
What is the highest common factor of 52435 and 3555?
5
What is the highest common factor of 57974 and 41984?
82
Calculate the highest common factor of 1140 and 38930430.
570
What is the greatest common divisor of 1328480850 and 90?
30
What is the highest common factor of 91470632 and 1150?
46
Calculate the greatest common divisor of 13197 and 325632.
159
Calculate the greatest common factor of 18 and 66051006.
6
What is the highest common factor of 73870 and 107070?
830
Calculate the highest common factor of 5964770 and 2405.
185
What is the greatest common divisor of 38309304 and 8305?
1661
Calculate the highest common factor of 3 and 24870012.
3
What is the highest common factor of 3630 and 6226000?
110
What is the highest common divisor of 1299870 and 35970?
330
What is the greatest common factor of 108 and 45530700?
12
Calculate the highest common factor of 781116 and 596904.
1428
What is the greatest common divisor of 404258788 and 865?
173
What is the highest common factor of 21005056 and 4?
4
Calculate the highest common factor of 4797 and 3015.
9
Calculate the greatest common divisor of 94043 and 357603.
599
Calculate the highest common factor of 4220 and 245465.
5
What is the highest common factor of 173919600 and 20880?
720
What is the greatest common divisor of 2343600 and 57660?
1860
What is the highest common factor of 108 and 1486964412?
108
What is the greatest common divisor of 36 and 50712678?
18
Calculate the highest common divisor of 88711729 and 68.
17
What is the greatest common factor of 370232 and 16?
8
What is the greatest common factor of 276875 and 5987145?
2215
What is the greatest common factor of 319130721 and 42?
21
Calculate the highest common divisor of 958272 and 168640.
1984
What is the highest common divisor of 1221200 and 920?
40
Calculate the highest common divisor of 1190 and 3817010.
170
What is the highest common factor of 17736 and 60?
12
Calculate the greatest common factor of 3107493 and 185859.
1737
Calculate the highest common factor of 455117699 and 274.
137
Calculate the greatest common factor of 14076 and 136.
68
What is the greatest co